e
Suppose 4*m + 20 = 2*m. Let k(o) = -o**3 - 7*o**2 + 4*o + 14. Is k(m) a prime number?
False
Let x = -5 + 7. Suppose -k - 4*f = -2*f - 17, f = x*k - 24. Is k a composite number?
False
Let b(v) = 4*v - 7. Let r(f) = -f**2 + 17*f - 29. Let k(l) = 9*b(l) - 2*r(l). Suppose -3*c - 3 = -21. Is k(c) composite?
False
Let r be (1 - 2) + -2 + -1. Let h = 2 + r. Is ((-4)/(-8))/(h/(-8)) a prime number?
True
Suppose i - 8 = -4*t, 6*i - 5*t + 10 = 3*i. Suppose l + i = 3. Suppose -4*h + l*h = -c - 14, -74 = -5*h + c. Is h composite?
True
Let c(a) = -a + 22. Suppose -2*z - 5*y - 12 = -y, -12 = z + 4*y. Is c(z) a composite number?
True
Let c(l) = l**2 + 6*l + 3. Suppose -18 = 4*j - 4*p - 6, -2*j + 1 = 5*p. Let t be c(j). Is (-186)/t + (-4)/20 prime?
True
Suppose -2*d = -4*p - 380 - 2798, 0 = d + 5*p - 1617. Is d a prime number?
True
Suppose 209*c = 206*c + 8763. Is c a prime number?
False
Let a = 50 - -15. Suppose -a = -2*f - 3. Is f prime?
True
Suppose -2*g - 8 = 2*g. Let h = 1 - g. Is h composite?
False
Let t(l) = 11*l**3 + 2*l**2 - l + 2. Let h be t(3). Let w = h + -129. Is w composite?
True
Let o = -4220 + 7293. Is o prime?
False
Suppose 5*n + 0 - 15 = 0. Suppose -2*i - 2*i = -40. Is -5*((-74)/i + n) prime?
False
Let t = 2 - 0. Suppose 5*i + 2*f = 42, t*i + 4 = 4*i + 4*f. Suppose n - i - 9 = 0. Is n prime?
True
Let a(z) = z**3 + 10*z**2 + 8*z - 7. Let r be a(-9). Suppose 2*i - 3*i - 19 = 4*q, 0 = 3*i + q + 24. Is (-102)/(-14) + r/i prime?
True
Let q(x) = -x**2 + 20*x + 28. Is q(17) a composite number?
False
Let l(u) = -66*u - 23. Is l(-15) a composite number?
False
Let k(g) = 4*g**2 - 3*g**2 - 5 + 0*g + g. Is k(3) a prime number?
True
Suppose 0 = -o + 5*o - 8. Suppose -o*n = -5*n. Suppose 4*q - 4*h - 205 = -9*h, n = -5*q + 4*h + 287. Is q a prime number?
False
Let t(p) be the first derivative of 11*p**5/60 - p**4/8 - p**3/2 + p**2/2 + 1. Let c(z) be the second derivative of t(z). Is c(-2) a composite number?
False
Is 1/(-8 + 11 - 1144/382) a prime number?
True
Let a be (-16)/3*(-6)/4. Let g = a - -35. Is g prime?
True
Suppose 5*i + 4*b = 1039, -348 = -3*i + 3*b + 297. Is i a composite number?
False
Suppose 2*r + 20 = -3*r. Let z be r/(-14) - (-117)/7. Let y = z + -10. Is y a composite number?
False
Let c = -54 + 151. Is c composite?
False
Let l be -1 + 1 + 8/1. Suppose j + l = 3*j. Suppose 4*v - 47 = 4*d + 65, 0 = j*v - d - 97. Is v composite?
False
Suppose 0 = -o + 3*q + 110, 29 = -5*q + 4. Is o composite?
True
Let d be ((-6)/4)/((-3)/6). Let l be ((-12)/(-4))/(d - 2). Suppose 2*r - 99 = -r - 3*h, 123 = 3*r - l*h. Is r prime?
True
Let p(f) = 2*f**3 - f**2 + f + 1. Let g be p(-4). Let r be 7/(g/(-198))*7. Let d = r - 29. Is d a prime number?
True
Let f = -490 - -821. Is f prime?
True
Let a(g) = 711*g + 1. Let m be a(1). Suppose -79 = 3*f - m. Is f prime?
True
Let u = 639 + -388. Is u a prime number?
True
Suppose 843 = 2*l + 269. Is l prime?
False
Suppose 0 = -3*j - 15, -3*p + 0*p - 4*j = -85. Let l = p - 14. Is l a prime number?
False
Let w = -219 + 336. Let y = w - 202. Let v = y + 162. Is v a composite number?
True
Let c(w) = 2*w**3 - 3*w**2 + w - 2. Let b be c(2). Is 6/b*(-514)/(-3) composite?
False
Let j(h) be the third derivative of -13*h**4/24 + h**3/6 + h**2. Is j(-4) composite?
False
Let p(h) = 466*h + 3. Is p(5) a composite number?
False
Let z(n) = -n**3 - 6*n**2 + 6*n - 4. Let q be z(-7). Suppose -93 = -q*d - 24. Is d composite?
False
Let v(c) = -2*c - 16. Let a be v(-11). Suppose -2*z = -a*z + 88. Is z a composite number?
True
Let d = 550 + -244. Suppose -16 = 5*n - d. Is n a composite number?
True
Let g be 10 + (-3)/(-2 - -5). Let x = g + -5. Suppose -x*z + 102 = -y + 42, -2*y = 4*z - 60. Is z a composite number?
True
Let x = 618 - -323. Is x a prime number?
True
Suppose 0 = 2*z - y - 6, z + 0*y = y + 1. Suppose -3*c + 2*p + 42 = 0, -z*c + 2*p + 70 = -0*p. Is c composite?
True
Let n(k) = -k**3 + 9*k**2 - 2*k - 11. Let d be n(9). Is 2 - d*(1 - 0) prime?
True
Is (-10)/((-21)/(-9) + -3 + 0) prime?
False
Let w(a) = -a + 1. Let c be w(-1). Let x(l) = 3 + 32*l**2 - 2*l - 14*l**2 - 2*l. Is x(c) a prime number?
True
Let n(i) be the second derivative of -i**5/20 + i**4/4 - i**3/6 - i**2/2 + 3*i. Let o be n(2). Let q(z) = 86*z**2 - 2*z + 1. Is q(o) composite?
True
Let t = 1 + 14. Is t composite?
True
Let u(f) = 7*f**2 + 7*f + 15. Is u(-8) a composite number?
True
Suppose -3*h + 0*h - 4*n = -163, -4*n + 106 = 2*h. Suppose -2*g + 5*g + h = 0. Let s = 54 + g. Is s prime?
False
Suppose -29*y + 4082 = -27*y. Is y composite?
True
Suppose -2*f + 5*f + 118 = 2*k, 3*k - 2*f - 177 = 0. Suppose 0*m - 4*m = -12. Suppose m*n - 7 = k. Is n composite?
True
Suppose -2*v = -5*t - 4481, 4*v - 3*v = -t + 2244. Is v composite?
False
Suppose 0*i + 2*i = 118. Is i a prime number?
True
Suppose -2717 = -3*y + 4*t, 2*y - 1789 = t + 24. Is y a composite number?
False
Is 17/(-2)*70/(-7) a prime number?
False
Is (7 - 1)*(-159)/(-6) prime?
False
Suppose 4*w = 4484 + 3392. Is w a composite number?
True
Suppose 0 = -b + 2*h + 185, h = 2*h - 1. Is b prime?
False
Suppose 3*u - 410 = 736. Suppose -2*k = -4*k + u. Is k a composite number?
False
Suppose -9 = -i - 3*k, 5*i + k = 5*k - 50. Let w be (-2)/12 + i/(-36). Suppose -2*t - 2*h - h + 162 = w, -3*h = 12. Is t a prime number?
False
Suppose -4*s - 24 = -88. Suppose -8 = -4*i + s. Let v = 13 + i. Is v a composite number?
False
Suppose 4*k - 52 = -4. Let o(p) = 3 + 3*p - k - p. Is o(6) a prime number?
True
Let o = -4 - -6. Suppose o*r + c = 270 + 207, 4*r = 3*c + 949. Suppose 3*h = h + r. Is h a composite number?
True
Let z be -4*(-4)/((-12)/(-165)). Suppose -s - 3*s = -z. Is s a prime number?
False
Let i(k) = -k**3 + 9*k**2 - 8*k - 2. Let t be i(8). Let b = -2 - t. Suppose 5*p = 6*q - q + 160, 4*p - q - 137 = b. Is p a composite number?
True
Let q(v) be the third derivative of 5*v**4/24 - v**3 - v**2. Is q(4) composite?
True
Suppose 5*j - 6*j + 20 = 0. Suppose z = -0*z + j. Let g = 57 - z. Is g a composite number?
False
Is (-561)/(-6) + ((-4)/(-8) - -1) composite?
True
Let l = -26 + 49. Let t = 34 + l. Is t prime?
False
Suppose c + 210 = w, 5*w - 2*c - 1047 = -0*c. Is w prime?
False
Let p = 3 + 0. Suppose -4*s = -p*s - 251. Is s prime?
True
Let j(l) = -l**3 - l**2 - l + 9. Let q = 8 + -3. Suppose 3*d = q*d. Is j(d) a composite number?
True
Suppose 0 = t + 2*t - 69. Let h = 2 + t. Is h prime?
False
Suppose -4*d + 1209 = -3*k, -309 = -d + 6*k - 3*k. Let h = d + -109. Is h a composite number?
False
Is 50 + -7 + 0 + 0 prime?
True
Suppose -n = 89 - 558. Let y = -174 + n. Is y prime?
False
Let n(g) = -g**2 + 35*g + 26. Is n(15) prime?
False
Let c(l) = -16*l**2 + 6*l + 7. Let j(g) = 17*g**2 - 7*g - 7. Let x(p) = -4*c(p) - 3*j(p). Is x(5) a composite number?
True
Suppose 2*u + 3*u - 185 = 0. Suppose 2*q = q + u. Is q prime?
True
Is (-1889)/(-4) + (-6)/(-8) a composite number?
True
Let j = -262 + 800. Is j prime?
False
Suppose 2*l - 14 = -s + 5*l, 20 = 4*s - 3*l. Suppose -5*z - 3*h + 596 = 0, -z + 112 = 5*h - s*h. Is z a prime number?
False
Let j(k) = -2*k**3 - 3*k**2 + 9*k - 8. Let z be j(-8). Suppose 3*n - 798 - z = -4*q, -n + 2 = 0. Is q prime?
False
Let a = 3 + -1. Suppose 0 = -4*u + 5*n + 75, -3*n = u + a*u - 36. Suppose 0*x + x = u. Is x prime?
False
Let v = -3 + -2. Let s = v + 8. Suppose -3*t = s*a - 2*t - 74, 3*t + 64 = 2*a. Is a a prime number?
False
Let q(t) = 8*t + 6. Suppose -5*r + 35 = -0*r. Let i be q(r). Suppose i - 353 = -3*z. Is z a composite number?
False
Suppose 4 = -4*s, -4*l = 5*s - 1322 - 445. Is (-3)/(-6)*(l - 1) composite?
True
Suppose -2*q + o + 2800 = 0, 4*q - 5*q + 5*o + 1409 = 0. Is q a composite number?
False
Let i = -191 + 268. Is i prime?
False
Let w = 9880 - 5609. Is w composite?
False
Suppose -k - 8 = -l, 4*k - 2*l + 0*l + 32 = 0. Let m = k + 11. Suppose 0 = m*r - 9, 4*r = 3*p + 9 - 3. Is p a composite number?
False
Suppose 4*y = -90 + 838. Is y a composite number?
True
Suppose 0 = -5*x + 1030 + 360. Suppose -2*d + x = -100. Is d - (-2)/(3/3) a composite number?
False
Suppose -2*n = -4*n + 314. Is n a composite number?
False
Suppose -4*z - 120 = -2*w, 0 = -z + 6*z + 3*w + 172. Let b be 2/(-9) + z/18. Is b - (-1 - 22) - -2 a composite number?
False
Let d = -2 + 6. Is (d/6)/((-2)/(-63)) composite?
True
Let u 